 2*a + 22. What is the remainder when 282 is divided by r(3)?
131
Let w(d) = 19*d + 106. Let r = -123 + 171. What is the remainder when w(7) is divided by r?
47
Suppose -10 + 34 = 2*a. Suppose -a*p = -18*p + 150. Calculate the remainder when 113 is divided by p.
13
Suppose 2*r = s + 15, 4*s + 0*r + 2*r + 80 = 0. Let q = 22 + s. Suppose q*b = -51 + 303. Calculate the remainder when b is divided by 17.
16
Let i be (0 - 1/1)*-3. Suppose i*a - 30 = -4*j, -36 = -5*a - j - j. What is the remainder when (-2)/6*(-13 + a - -1) is divided by 2?
0
Suppose -13*z - 301 = -1107. What is the remainder when z is divided by 25?
12
Let g(i) = -2*i + 3. Let u be g(-2). Suppose -r + u = 3*z + r, 10 = 2*z - 4*r. Suppose 5*m - z - 12 = 0. What is the remainder when m is divided by 2?
1
Let a(f) be the third derivative of f**5/60 - f**4/8 + f**3/6 - 46*f**2. Calculate the remainder when 169 is divided by a(5).
4
Let d = 32 + -29. Suppose l + o + 4 = 0, -4*l = l + d*o + 10. Calculate the remainder when 10 is divided by (-6)/l*2/(-3).
2
Let m(i) = -i**3 + 136*i**2 - 82*i - 732. Calculate the remainder when m(135) is divided by 146.
145
Let r(d) = -6*d**2 + 3*d. Let z be r(4). Suppose 2*b + 4*u - 72 = 0, -2*b + 90 = -7*u + 2*u. Calculate the remainder when b is divided by ((-2)/3)/(4/z).
12
Suppose -81*d + 13435 = 40*d - 11975. Calculate the remainder when d is divided by 41.
5
Suppose -2*d = 2*d - 16. Suppose -3 + 44 = -2*b + p, b - 2*p = -28. Calculate the remainder when 1*5/((-15)/b) is divided by d.
2
Suppose -6*b - 137 = 13*b - 422. What is the remainder when 378 is divided by b?
3
What is the remainder when 5286 is divided by (-9 + (-2 - (-781)/77))/((-1)/63)?
48
Let d(i) = i**2 - 18*i - 164. Suppose 3*s + 2*n - 85 = 4*n, 2*n + 139 = 5*s. Calculate the remainder when d(s) is divided by 20.
19
Suppose -10*t + 42 = -8*t. Let d = 26 - t. Suppose 0 = -d*l - 3*z + 23, -2*z - z - 9 = -3*l. What is the remainder when 5 is divided by l?
1
Suppose 2*n = 4*t - 2*n - 24, -5*t = 5*n - 20. Suppose -t*d - 42 = -167. Suppose -2*h = -d - 11. Calculate the remainder when 30 is divided by h.
12
Suppose -3*w + 99*m + 7289 = 95*m, 2*m + 9712 = 4*w. What is the remainder when w is divided by 45?
42
Let n(m) = -753*m + 376*m + 202 + 374*m. Calculate the remainder when n(-10) is divided by 61.
49
What is the remainder when 1561 is divided by (-4)/10 + -1*9*1843/(-1455)?
10
What is the remainder when (-6)/56 + (-2107330)/(-32872) is divided by -1*(-2 + 3 - 15)?
8
Let l(y) = -2*y - 6. Let x be l(7). Let i be (-11 - 4)*-9 - 7. Let q = x + i. What is the remainder when q is divided by 28?
24
Let n = -10910 - -11188. Calculate the remainder when n is divided by 86.
20
Let q(t) = t**2 - 3*t + 89. Let k = 60 - 48. Calculate the remainder when q(7) is divided by k.
9
Let a(n) = -2*n**2 + 157*n - 179. Calculate the remainder when 145 is divided by a(77).
41
Let g = 121 - 110. Suppose -g*i + 312 = 15*i. Calculate the remainder when 20 is divided by i.
8
Suppose 2131 + 2169 = 226*y - 126*y. Let o(a) = a + 1. What is the remainder when y is divided by o(7)?
3
Let i(v) = -2*v**3 + 2*v**2 + 3*v. Let s be i(3). What is the remainder when (68/(-5))/(134/(-335)) is divided by (-1)/(-4) - s/4?
6
Let x = -5901 + 6589. Calculate the remainder when 2072 is divided by x.
8
Suppose 4*u - 143 = 3*d, 5*u - 3*d = 3*u + 73. Let l = 29 - u. Let g(j) = -29*j + 5. Calculate the remainder when g(l) is divided by 30.
29
Suppose 17*j = 26*j - 648. Let x = j - 2. Calculate the remainder when x is divided by 24.
22
Let i(x) = 37*x - 26. Suppose 0 = -5*g + 2*p + 39, -2*g + 22*p + 15 = 21*p. Calculate the remainder when i(g) is divided by 77.
76
Let a = -2118 + 2438. What is the remainder when a is divided by 110?
100
Suppose -70*h - 87*h + 3166 = -2486. What is the remainder when 4759 is divided by h?
7
What is the remainder when -4 + -3 + 3 + 6 - -776 is divided by 129?
4
Let m(v) = -4*v**2 + 4*v + 31. Let r(j) = j**2 + 1. Let z(p) = -m(p) - 3*r(p). Let u(s) = -11*s. What is the remainder when z(11) is divided by u(-1)?
10
Let z(b) be the third derivative of 17/12*b**4 + 0 + 3*b**2 + 2*b**3 - 1/30*b**5 + 0*b. What is the remainder when 35 is divided by z(17)?
11
Let j(g) = 336*g**2 + 43*g + 42. What is the remainder when j(-1) is divided by 6?
5
Let d(f) = 53*f. Let o = 180 - 177. Suppose -8 = o*p - 41. What is the remainder when d(1) is divided by p?
9
Suppose 100*l - 65 = 99*l + 2*t, 5*l - 4*t - 277 = 0. Let c be (-4)/(-5)*(-5)/(-2). Suppose -c*n - 68 = -6*n. What is the remainder when l is divided by n?
15
Let o(m) = 45*m**3 + 2*m**2 - 11*m + 10. Calculate the remainder when 126 is divided by o(1).
34
Let t = 8 + -6. Suppose -42 = 4*p + t. Let f = p - -21. Calculate the remainder when 49 is divided by f.
9
Let t = 3 + 6. Suppose 5*q = 6 + t. Suppose 0 = -q*a + 97 - 28. What is the remainder when 90 is divided by a?
21
Let z(k) = 6*k**2 - 24*k + 75. Calculate the remainder when 1723 is divided by z(4).
73
Let w(o) = 2*o - 12. Let u = 534 + -72. Suppose -2*d + 16*d - u = 0. What is the remainder when d is divided by w(8)?
1
Let z(x) = 3*x + 31. Suppose -9*i + 24 = -7*i. Let o be z(i). Let j = o - 46. What is the remainder when 104 is divided by j?
20
Suppose 14*k - 17*k + 4*b = 0, -2*k + 5*b = 7. Suppose 2*y + 6 = 3*y. What is the remainder when 14 is divided by 5 + 0/(y - k)?
4
Calculate the remainder when 783 is divided by (-35)/14 - -1 - 525/(-14).
27
Let u be 14/6 + 1*(-2)/6. Suppose 0 = u*v - 5*z - 159, v + 2*z = -z + 96. Calculate the remainder when v is divided by 40.
7
Let v be (-2)/(8/276) - 1. Suppose -8 = -3*x + 16. What is the remainder when x is divided by v/15*((-3)/(-2))/(-1)?
1
Suppose 3*k + 6*v = 4*v - 697, 5*k + 1120 = 5*v. Let d = k - -300. What is the remainder when d is divided by 16?
7
Suppose 0 = -4*d + 36*d - 5888. What is the remainder when 715 is divided by d?
163
Suppose 159*r = 181*r - 1892. Calculate the remainder when 95 is divided by r.
9
Let i be ((-116)/(-14))/((-41)/(-287)). Suppose 0 = i*w - 50*w - 288. Calculate the remainder when w is divided by 8.
4
Let p = 62215 + -62208. Calculate the remainder when (-8)/10*(-70)/4 is divided by p.
0
Let o = 1831 - 1844. Suppose 0 = -2*k - 2, -4*k + 3*k = 3*r + 22. Let l = r - o. What is the remainder when 17 is divided by l?
5
Let k = 275 - 227. Let b = k + -33. Calculate the remainder when b is divided by 10.
5
Suppose 11*i - 12 = 10*i + 2*h, i = -h + 6. Suppose 3*d + 379 = -4*w, 3*w - 4*d - 473 = i*w. Let u = w + 115. What is the remainder when u is divided by 11?
7
Let c = 59609 - 59549. Calculate the remainder when 747/6 - (-1)/2 is divided by c.
5
Let t(s) = -15*s - 25*s - 7*s - 60 + 16*s. Calculate the remainder when 445 is divided by t(-4).
61
Let y(q) = 13*q**2 + q - 1. Let w = 972 - 966. What is the remainder when y(1) is divided by (20/w)/((-34)/(-51))?
3
Suppose -5*z = -4*t, 3*z + 13 = -484*t + 489*t. What is the remainder when 154 is divided by z?
2
Let a = 220 + -168. Calculate the remainder when 12220/a + (-3)/(-1) is divided by 62.
52
Suppose 0 = 2646*c - 2656*c + 5300. Calculate the remainder when c is divided by 23.
1
Suppose -r - 8 = -5*t, -17*t = -5*r - 12*t. Suppose 252 = r*o + 4*o. Calculate the remainder when 203 is divided by o.
35
What is the remainder when (6/9)/(128/179136) is divided by 72?
69
Suppose 3*w = -0*c + 2*c - 26, -3*w - 33 = -3*c. Suppose 0 = -c*s + 185 - 10. Calculate the remainder when 7*14 - (-1)/1 is divided by s.
24
Let o = 766 + -746. Suppose 4*s = -0*s. What is the remainder when (1 - s)*(78 - 1) is divided by o?
17
What is the remainder when 594 is divided by 12/(-10)*(-195)/(-429) - (-358)/11?
18
Suppose 0 = -2055*v + 2046*v + 1566. Suppose -3*g = -v - 63. Calculate the remainder when 128 is divided by g.
49
Suppose 3*w - 20 = 4*n, 9*w = 4*w - 4*n - 20. Suppose i = -4, -u - i + 0*i + 10 = w. Let t = -142 - -193. What is the remainder when t is divided by u?
9
Let r(z) = -z**2 - 5*z + 77. Let k be r(6). Suppose -u - h + 101 = k, 2*h = 3*u - 290. Calculate the remainder when u is divided by 20.
14
Suppose -3*j - 4*z = 711, -16 = -z - 19. Let i = -178 - j. What is the remainder when 205 is divided by i?
40
Let k(j) = 7*j + 3. Let b = 550 + -570. Calculate the remainder when (4 + 128/b)/(9/(-240)) 